*d = -54*d + 150. Suppose -d + 0 = -3*z. Calculate the highest common factor of z and 10.
10
Let l(f) = f**3 + 12*f**2 + 19*f - 11. Let m be l(-11). Let z = m + -33. Let i be (-2*1)/(3/z*4). Calculate the greatest common factor of i and 198.
22
Suppose 43*x - 47*x - 288 = 0. Let w be (105/14)/((-4)/x). What is the greatest common factor of 180 and w?
45
Let k(p) = -3*p + 143. Let g be k(6). Suppose 0 = 5*f + 1 + 4. Let x be (-25 + 1 + -1)/f. What is the highest common factor of x and g?
25
Let c = -22 + 27. Suppose c*q = 7*q - 82. Suppose -18 = z - q. Calculate the greatest common divisor of z and 69.
23
Let g be 5*(14 + 24348/30 + 9*1). Calculate the highest common factor of g and 39.
39
Suppose 6*y = 2*p + 7*y + 19, 5*y = 5. Let c = p - -44. What is the greatest common factor of 442 and c?
34
Let m = -10952 - -15780. What is the greatest common divisor of 2272 and m?
284
Suppose -4*a + 6*r - 116 = 2*r, 5*a + r + 157 = 0. Let w = -25 - a. Suppose -2*f + w*f = 36. Calculate the greatest common factor of f and 1.
1
Let a(c) = 410*c - 160. Let r be a(12). Suppose q - r = -34*q. What is the highest common divisor of 17 and q?
17
Let y(j) = -20*j - 350. Let q be y(-45). Calculate the highest common divisor of 66 and q.
22
Let u(a) = -1315*a - 300. Let t be u(-4). Calculate the highest common divisor of 8 and t.
8
Suppose -246*i = -251*i + 10. Suppose -260 = -4*j - 3*w, -189 - 75 = -4*j - i*w. What is the greatest common factor of j and 102?
34
Let w(x) = 4*x + 278. Let v(p) = 2*p + 2. Let m(a) = -3*v(a) - w(a). Let h be m(-41). What is the highest common divisor of 54 and h?
18
Let u be (13/39)/(7/(-21)) + 39. What is the greatest common divisor of u and 9101?
19
Let h be (-2 + -141)/((-8)/(1 - -7)). Let j be 4 + ((-32)/2 - 1). Let d = 24 + j. What is the highest common divisor of h and d?
11
Let s be (39/(-9) + -1)/((-13)/(-16614)*-12). Let n be (-2)/(-3) - 22/(-3). What is the highest common factor of s and n?
8
Let h(a) = a**2 - 4*a - 12. Let i be h(5). Let q be (-36 - 30)*i/6. What is the highest common factor of 7 and q?
7
Let p = -20913 + 23877. What is the greatest common factor of 351 and p?
39
Suppose 3200 = 5*b + 3*u, -2*b + 7*b + 5*u - 3200 = 0. What is the highest common divisor of 10 and b?
10
Suppose 3*y + l + 215 = 4217, 2*l + 8028 = 6*y. What is the highest common factor of y and 32?
8
Suppose 0 = -137*p + 135*p + 2*k + 18, -4*p = 5*k. Suppose -22 = u + 5*a - 54, -p*a + 15 = 0. What is the greatest common divisor of u and 17?
17
Suppose -8*u + 301 = -11. Let p(n) = -11*n**3 + n**2 + 3*n + 15. Let f be p(-3). Calculate the highest common divisor of f and u.
39
Suppose 15*x - 12*x = -12. Let f be x/(-10) + 69/15. Suppose 2*i - i + 5 = 0, -f*r + i = -80. What is the highest common divisor of 45 and r?
15
Let l be (-2)/(-4)*(-6 + 6). Suppose -5*v + 84 = 5*p - 46, l = -4*p + 2*v + 92. Calculate the highest common divisor of p and 168.
24
Suppose -3*i = h - 3048, -5*h - 12*i + 9*i = -15192. Calculate the highest common divisor of h and 176.
44
Let v(r) be the second derivative of r**5/20 + 19*r**4/12 + 3*r**3 + 7*r**2 + 2*r + 102. Let o be v(-18). Calculate the greatest common factor of o and 98.
14
Let x = -29921 + 29985. Calculate the greatest common divisor of 800 and x.
32
Suppose 1 = l, -m - l - l + 52 = 0. Let p = 13756 + -13566. Calculate the highest common factor of m and p.
10
Let d = 490 + -485. Suppose -2*u = u - d*c - 147, 3*c = 3*u - 141. Let q = -3 - -7. Calculate the highest common divisor of q and u.
4
Suppose 90 = -36*c + 37*c. Suppose -5*t + 150 = -5*q, -2*t - t + c = -5*q. Calculate the greatest common divisor of t and 435.
15
Let z(r) = -3*r**2 - 17*r + 6. Let d be z(-3). What is the highest common divisor of 735 and d?
15
Suppose 97*y - 11832 = 1942. Calculate the greatest common divisor of 2343 and y.
71
Suppose 9*t - 67 = 4*t + 3*q, 2*q - 2 = 0. Suppose k - 19 + t = 0. Suppose 0 = -6*i + k*i + 108. Calculate the greatest common factor of i and 12.
12
Suppose 9*l - 20*l + 490 = -49. Calculate the greatest common factor of 1820 and l.
7
Suppose 7 + 11 = 3*r. Let b be 1/r + (-348)/(-72). Suppose -5*s + 38 + 46 = -4*f, -s - 2*f = -28. What is the highest common divisor of s and b?
5
Suppose 0 = 71*f - 41268 - 12124. Calculate the greatest common divisor of f and 16.
16
Let d = 28 + -20. Suppose d*v - v = 154. Suppose -i = -s + 50, 0 = -2*s - 4*i + 2*i + 120. What is the greatest common factor of v and s?
11
Let u(v) = -v**3 + 93*v**2 + 267*v - 7227. Let g be u(95). Let y be (-7 + -1)*33/(-2). What is the greatest common factor of y and g?
44
Suppose 3*n + 0*n = 12. Suppose 4*b + 2 = -0*s + 2*s, 5*b + 1 = s. Suppose -h + 4*k = 4 + 4, -k + 3 = b. Calculate the greatest common divisor of h and n.
4
Suppose 17*j = -6*j + 29808. Suppose j = i + 1214. Calculate the greatest common divisor of 287 and i.
41
Let m be 28/6 + (33/(-9) - -4). Let b(o) = 9*o**3 - 4 - 8*o**3 + m*o**2 + 0*o + 0*o. Let g be b(-4). Calculate the greatest common factor of g and 84.
12
Let v = 489 - 274. Suppose -3*l + v = -475. Calculate the highest common divisor of l and 46.
46
Suppose -2*w + 88 = 2*w. Let k be 246/24*(-3 + 7). Let y = 74 - k. Calculate the highest common divisor of w and y.
11
Suppose -295*f + 1476 = -4424. What is the highest common factor of 800 and f?
20
Suppose 6*h = 5*h + 3, 3888 = m + 6*h. What is the highest common divisor of 450 and m?
90
Let k(i) = -i**3 - 5*i**2 + 10*i + 19. Suppose 112 = -8*u + 40. Let l be k(u). What is the greatest common divisor of l and 23?
23
Let d(n) = 2 - 2*n - 9 + 88*n + 35*n. Let v be d(2). Let m = -143 + v. What is the highest common divisor of m and 23?
23
Let o = 13643 + -13356. Calculate the greatest common divisor of 343 and o.
7
Suppose -3*m + 2*m + 153 = 0. Suppose 1878*a - 5*p + 57 = 1880*a, -3*a - p + 144 = 0. What is the greatest common divisor of m and a?
51
Let t(g) = g**2 + 16*g - 49. Let a be t(-20). Suppose 20*q - a*q = -55. Calculate the highest common factor of q and 2.
1
Let t(u) = u**2 + 10*u + 12. Let a be t(-8). Let y be (-55)/(-20) + (-1)/a. Let s be 6/y - 6 - -12. What is the highest common factor of 24 and s?
8
Suppose -131*b + 2125 = -114*b. What is the highest common divisor of b and 275?
25
Let l(j) = -j**3 - 6*j**2 + 2*j + 6. Let t be l(-6). Let g be (t/8)/((-7)/28). Let x = 20 + g. Calculate the highest common divisor of 23 and x.
23
Suppose -k - 3*n - 149 = -0*k, 4*k = 2*n - 666. Let i = 67 + k. Let o = -83 - i. Calculate the highest common divisor of 14 and o.
14
Suppose -5*u + q = -612, -3*q = 4*u - 9*u + 616. Let s = 149 - u. What is the greatest common factor of s and 63?
9
Suppose -j = 5*q - 5, 4*j = 3*j - 5. Suppose -n + 150 = 3*m + 2*n, -q*n - 10 = 0. What is the greatest common divisor of 11 and m?
11
Let j(y) = -2*y**3 - 4*y**2 - 4*y. Let v be j(-3). Suppose f + 6*f + 171 = -2*f. Let d = v + f. Calculate the greatest common divisor of d and 99.
11
Let o be (2/(-16)*-116)/(10/(88340/7)). What is the greatest common factor of o and 29?
29
Let b be -1*(8/12 - 22/6). Suppose -5*g + b*d = -g - 47, -5*d = -3*g + 49. What is the highest common divisor of g and 28?
4
Let t(d) = d**2 + 47*d - 836. Let k be t(20). What is the highest common divisor of k and 364?
28
Suppose -118*q = -119*q - 2. Let h(g) = -3*g + 8. Let f be h(q). Suppose -2*r - 3*r - 129 = -d, 2*r = 2*d - 298. What is the highest common divisor of f and d?
14
Suppose 23*q + 3378 = 21019. Calculate the highest common factor of 472 and q.
59
Let r = -4066 + 4084. Calculate the highest common divisor of r and 1314.
18
Let w(k) = -316*k - 3767. Let y be w(-12). Suppose 1500 = 4*b + b. What is the highest common divisor of b and y?
25
Let g(f) = 12*f**3 - 2*f**2 + f + 1. Let i be g(2). Let t(z) = -2420*z**2 + 7269*z - 20. Let o be t(3). What is the highest common factor of i and o?
7
Let o(u) = u**3 - 18*u**2 + 17*u + 3. Let y be o(17). Suppose 0 = -3*l - 2*r + 112, 0 = -y*l - 2*l + r + 178. What is the highest common divisor of 252 and l?
36
Let n = -10626 + 10627. Suppose -4*o + 2 = -10. Calculate the highest common divisor of o and n.
1
Let o be 112/(-84) + (-19)/(-3). Suppose -2*k + o*k = -5*x + 47, -4*k + 86 = -5*x. Calculate the highest common factor of k and 19.
19
Suppose -2*w - 3469 = -3*a, 3*a